 33 - 8*b**2 - 13*b**2 - 43 + 30 + 22*b - b**3. What is the remainder when 36 is divided by i(-22)?
16
Let z = 176 - 104. Let x = 108 - z. Let j = -582 - -595. What is the remainder when x is divided by j?
10
Suppose 4*f = -f + 20. Let o = 66 - f. Suppose 38*b - 993 = -195. What is the remainder when o is divided by b?
20
Suppose -2*p + 114 = -0*p + 3*f, 0 = 3*p - f - 182. Let u = -34 + p. Suppose 30*w - 96 - 188 = -14. Calculate the remainder when u is divided by w.
8
Let u be 6/10 + 4696/40. Suppose 3*w - 13 - 17 = a, 0 = 3*a - 2*w + u. What is the remainder when (12/14)/((-2)/a) is divided by 4?
2
Suppose 2*m - 6*h + 2*h = 44, -h - 66 = -3*m. Suppose -5*l + 5 = 0, -b - 33 = -5*b - l. Calculate the remainder when m is divided by b.
6
Suppose r + 5*w = 70, 2*r + 3*w = -r + 234. Suppose 2*n - 5*n = -4*a - r, 4*n + 3*a = 65. Calculate the remainder when n is divided by 11.
9
Let n = 178 - 81. Calculate the remainder when n is divided by 42.
13
Let p = -82 - -136. Let s = 72 - p. What is the remainder when 4/(-10) + 524/10 is divided by s?
16
Let z be (3/1 + 19)/2. Suppose -l + z*l = 10. What is the remainder when 12 is divided by l?
0
Let n = -30 - -33. Suppose 0*d - 15 = -n*d. Calculate the remainder when 19 is divided by d.
4
Let y be (-12 + 6)*4/3. Let n = y + 19. What is the remainder when 30 is divided by n?
8
Suppose -3*u = 5*j - 25, -4*j + 0*u = 5*u - 33. Suppose -13 = -a - 2*l + 52, 5*a - 280 = -l. What is the remainder when a is divided by 16 - (0 - -1*j)?
13
Calculate the remainder when (-105)/175*-335*1 is divided by 54.
39
Suppose -3*k - 17 = -5*r, r + 2*k + 19 = -3*k. What is the remainder when 102 is divided by (13*-6)/(-3)*r?
24
Suppose -10 = 6*r - 11*r. Suppose -2*g + r*i + i + 40 = 0, -3*g = i - 60. Calculate the remainder when 138 is divided by g.
18
Let i(f) = 0 + 39 - f**2 + 30. Calculate the remainder when i(0) is divided by 24.
21
Let t = 18 + 2. Suppose -5*k - z = -0*k + 28, 4*z + 37 = -5*k. Let b = t + k. Calculate the remainder when b is divided by 9.
6
Suppose -1290 = -157*z - 348. Let n(k) = -13*k**3 + 2*k**2 + k. Calculate the remainder when n(-1) is divided by z.
2
Let m(f) = f**2 - 15*f - 20. What is the remainder when 79 is divided by m(17)?
9
Suppose -3*v + 4*x = -1066, -4*v = -4*x - 675 - 749. What is the remainder when v is divided by 9?
7
Suppose -25*d + 3078 = -847. Calculate the remainder when d is divided by 7.
3
Suppose 2*z - 6*z + 566 = 2*s, 2*z = 4*s - 1142. Suppose 160 = -65*r + 70*r. Calculate the remainder when s is divided by r.
29
Suppose 64*d - 15388 = 4388. Calculate the remainder when d is divided by 80.
69
Suppose -3*g - 2*g = 0. Suppose -2*y = -g*y - 60. Let o = 2637 + -2519. Calculate the remainder when o is divided by y.
28
What is the remainder when 58 is divided by 3*(7 + (-16)/8)?
13
Suppose 2*v = 4*g + 100, 35*g - 8 = 37*g. What is the remainder when v is divided by (-15)/2*(0 - 2)?
12
Calculate the remainder when (14 - 8) + 1 + 59 is divided by 34.
32
Let p(y) = -y**2 + 7*y + 2. Let c be p(8). Calculate the remainder when c/12*(-13 - -1) is divided by 2.
0
Suppose 5*p = -5*n + 635 + 860, 5*p + 1495 = 5*n. What is the remainder when n is divided by 15?
14
Let w = 34 + 1. Let l = w + -14. Calculate the remainder when 103 is divided by l.
19
Suppose n + a = 56, n - 5*a = -3*a + 41. What is the remainder when 356 is divided by n?
50
Suppose 4*u = u. Let y(k) = -k**2 + 3. Let l be y(u). Suppose -161 = -3*w - l*v - 68, -2*w + 34 = -5*v. Calculate the remainder when w is divided by 10.
7
Let o = -89 + 168. Let q = -35 + o. What is the remainder when q is divided by 9?
8
Let x = -4357 + 4464. Let h = 32 + -5. What is the remainder when x is divided by h?
26
Let b(l) = -43*l**3 + 2*l**2 - 2. Calculate the remainder when 118 is divided by b(-1).
32
Let y(t) = -2*t**3 - t**2 - 2. Suppose -7*c = -6*c + 2. What is the remainder when 38 is divided by y(c)?
8
Let x = -308 - -337. Calculate the remainder when x is divided by 1.
0
Suppose -2*q + 75 = 17. Suppose 2*o + 2*o = -r - 9, -3*o = 4*r - q. What is the remainder when 65 is divided by r?
10
Calculate the remainder when -20*31*(-23)/46 - -1 is divided by 45.
41
Suppose t = -3, 3 + 1 = -4*v - 4*t. Suppose 8 = v*o + 2. Suppose o*j + j - 74 = -3*f, j = -4. What is the remainder when f is divided by 11?
8
Let c(i) = -70*i + 8. Let v be c(9). Let g = v + 368. Calculate the remainder when (-2)/5 - g/10 is divided by 7.
4
Let m = 373 - 337. Calculate the remainder when 60 is divided by m.
24
Suppose 2*x + 3*c - 24 = -x, 0 = x + 5*c + 12. Calculate the remainder when x is divided by 5.
3
Let q(m) = -2*m**2 + 7*m + 12. Let c be q(12). Let i = -126 - c. What is the remainder when i is divided by 23?
20
Let w(h) be the third derivative of -13*h**5/12 - h**4/8 - 2*h**3/3 - 3*h**2. Let a be w(-3). What is the remainder when 1*3*a/(-30) is divided by 15?
13
Suppose -4*u = -117 - 43. Suppose -8 = c - 5*f - u, 4*c = -4*f + 152. Calculate the remainder when c is divided by 23.
14
Suppose 2*s + 8 + 2 = 0. Let y(v) = -4*v - 5*v**2 + 11*v - 7*v - v**3 + 7 + 0*v**3. What is the remainder when 27 is divided by y(s)?
6
Suppose -3*c = -3*v + 5*v + 2, 2*v = 2*c - 2. Suppose 0 = s + s + 34. Let m = c - s. Calculate the remainder when 49 is divided by m.
15
Let d(o) = -o + 14. Let a be d(-5). Suppose -14*j = -a*j + 195. Calculate the remainder when j is divided by 10.
9
Suppose -28*z + 1614 = -318. Suppose -3*q + 27 = 2*v, 0 = -3*v - v. Calculate the remainder when z is divided by q.
6
Suppose 4*y + 2 = 2*i + 4, -5*i + 23 = 4*y. Suppose i*o - o - 84 = 0. What is the remainder when o is divided by 15?
12
Let d = -7 - -11. What is the remainder when 69 - (5 - (5 + -3)) is divided by (-2)/(-4) + 90/d?
20
Let r = -23 - -41. Suppose -r*a + 115 = -13*a. What is the remainder when a is divided by 6?
5
Let h = 1453 + -1423. What is the remainder when 57 is divided by h?
27
Let b(f) = f**2 - 7. Let j be (-3)/((-12)/128) + 3. Suppose 10 = 2*d, -5*w + j = -4*w + 5*d. What is the remainder when b(5) is divided by w?
8
Suppose 0 = -4*i + m + 10 + 9, 4*i - 49 = -5*m. Suppose -9*q = -i*q - 114. What is the remainder when q is divided by 13?
12
Let q = 43 + 25. Suppose 5*o + 5*m = 155, 0*o + 2*o + 5*m = q. Calculate the remainder when 144 is divided by o.
28
Suppose 1 = 3*g + 16, -163 = -4*l - 5*g. Let q = -44 + l. Calculate the remainder when 8 is divided by q.
2
Let x = 2 - -14. Suppose 2*n + x = 24. Calculate the remainder when n is divided by 1.
0
Suppose -5*b + 5*y + 245 = 0, -b - y = y - 34. What is the remainder when b is divided by (-2461)/(-107) + -10 + 2 + 0?
14
Let b = -10 + 13. Suppose 0 = b*z - 120. What is the remainder when z is divided by (31 + -3)*1/2?
12
Let d(c) = -7*c**3 - 4*c**2 + 3*c + 10. Calculate the remainder when 395 is divided by d(-2).
43
Suppose -14*b + 16*b + 14 = 0. Let u(i) = -i + 4. Calculate the remainder when 23 is divided by u(b).
1
Suppose 73 = 9*a - 35. Let i = 10 + -7. Suppose -i*f + 4*l = -20, -4*l + a = 5*f - 0*l. Calculate the remainder when 6 is divided by f.
2
Suppose -187 = -5*l - r, 196 = 5*l - 9*r + 7*r. What is the remainder when l is divided by 14?
10
What is the remainder when (-8)/10*(-2170)/7 - -4 is divided by 53?
40
Suppose 2*v - 30 = 2*q, 2*v + 3*q - 25 = 6*q. Calculate the remainder when v is divided by 11.
9
Let h be 6/27 + 223/9. Let y be 2940/h - 6/10. Suppose 5*p - y = -3*c, -p - c + 0*c + 25 = 0. What is the remainder when p is divided by 12?
9
Let z(r) = -11*r - 6. Let s(t) = -2*t + 5 - 2*t + 7*t - 6*t. Let a be s(4). What is the remainder when z(a) is divided by 24?
23
Let z(k) = -k + 3. Suppose -8*n = -5*n - 24. Let o be z(n). Let w(a) = a**3 + 4*a**2 - 8*a - 5. Calculate the remainder when 18 is divided by w(o).
8
Let f(p) = -p**2 - 6*p + 11. Let a = -21 + 16. Calculate the remainder when 47 is divided by f(a).
15
Suppose 37*a - 31*a - 918 = 0. Calculate the remainder when a is divided by 13.
10
Suppose -13 = -o - 2*v, -2*o + 2*v + 0*v + 20 = 0. Let c = o - 6. Calculate the remainder when 26 is divided by c.
1
Let s(t) = 6*t**2 + 148*t - 30. What is the remainder when s(-27) is divided by 92?
72
Let z = -119 - -118. Calculate the remainder when 188 is divided by (z/(-2) - 4)*-10 + 3.
36
Suppose -4*x - x = -585. What is th